 the hundreds digit of 2445?
4
What is the hundreds digit of 1765?
7
What is the units digit of 106?
6
What is the ten thousands digit of 27934?
2
What is the hundreds digit of 13500?
5
What is the units digit of 24957?
7
What is the hundreds digit of 722?
7
What is the units digit of 3092?
2
What is the units digit of 7019?
9
What is the units digit of 11284?
4
What is the tens digit of 1000?
0
What is the thousands digit of 21839?
1
What is the thousands digit of 74702?
4
What is the units digit of 22319?
9
What is the units digit of 1662?
2
What is the thousands digit of 56043?
6
What is the ten thousands digit of 42473?
4
What is the thousands digit of 27662?
7
What is the tens digit of 1419?
1
What is the tens digit of 86?
8
What is the ten thousands digit of 98760?
9
What is the thousands digit of 20610?
0
What is the hundreds digit of 272?
2
What is the thousands digit of 4969?
4
What is the hundreds digit of 7577?
5
What is the tens digit of 793?
9
What is the tens digit of 36504?
0
What is the hundreds digit of 99631?
6
What is the units digit of 17546?
6
What is the thousands digit of 5861?
5
What is the tens digit of 936?
3
What is the units digit of 32399?
9
What is the tens digit of 2690?
9
What is the units digit of 897?
7
What is the units digit of 6197?
7
What is the units digit of 21772?
2
What is the hundreds digit of 54408?
4
What is the tens digit of 4188?
8
What is the thousands digit of 60584?
0
What is the tens digit of 16057?
5
What is the tens digit of 4055?
5
What is the tens digit of 646?
4
What is the ten thousands digit of 32380?
3
What is the hundreds digit of 6565?
5
What is the tens digit of 6672?
7
What is the ten thousands digit of 42815?
4
What is the units digit of 2288?
8
What is the hundreds digit of 4656?
6
What is the units digit of 1935?
5
What is the tens digit of 7235?
3
What is the tens digit of 1033?
3
What is the thousands digit of 20020?
0
What is the units digit of 763?
3
What is the units digit of 21809?
9
What is the tens digit of 217?
1
What is the units digit of 15263?
3
What is the units digit of 4721?
1
What is the hundreds digit of 12545?
5
What is the tens digit of 77578?
7
What is the thousands digit of 27114?
7
What is the hundreds digit of 722?
7
What is the tens digit of 23996?
9
What is the hundreds digit of 34852?
8
What is the units digit of 3862?
2
What is the units digit of 848?
8
What is the thousands digit of 8544?
8
What is the tens digit of 68408?
0
What is the tens digit of 1879?
7
What is the hundreds digit of 15207?
2
What is the tens digit of 1928?
2
What is the ten thousands digit of 99907?
9
What is the tens digit of 9285?
8
What is the units digit of 15837?
7
What is the units digit of 529?
9
What is the thousands digit of 6895?
6
What is the hundreds digit of 839?
8
What is the thousands digit of 1812?
1
What is the thousands digit of 3186?
3
What is the tens digit of 475?
7
What is the units digit of 42?
2
What is the units digit of 10205?
5
What is the thousands digit of 6772?
6
What is the hundreds digit of 959?
9
What is the tens digit of 19759?
5
What is the tens digit of 1934?
3
What is the thousands digit of 8612?
8
What is the tens digit of 97?
9
What is the tens digit of 2278?
7
What is the hundreds digit of 6249?
2
What is the units digit of 6429?
9
What is the thousands digit of 16123?
6
What is the thousands digit of 3630?
3
What is the thousands digit of 7177?
7
What is the thousands digit of 1207?
1
What is the thousands digit of 2423?
2
What is the ten thousands digit of 10021?
1
What is the thousands digit of 34111?
4
What is the units digit of 3790?
0
What is the ten thousands digit of 14264?
1
What is the hundreds digit of 37788?
7
What is the hundreds digit of 669?
6
What is the hundreds digit of 9587?
5
What is the tens digit of 6528?
2
What is the tens digit of 937?
3
What is the thousands digit of 48504?
8
What is the units digit of 26109?
9
What is the thousands digit of 5003?
5
What is the hundreds digit of 1300?
3
What is the units digit of 10513?
3
What is the hundreds digit of 108794?
7
What is the units digit of 76913?
3
What is the thousands digit of 35412?
5
What is the hundreds digit of 1149?
1
What is the units digit of 1385?
5
What is the thousands digit of 1151?
1
What is the ten thousands digit of 45754?
4
What is the units digit of 34?
4
What is the units digit of 16795?
5
What is the thousands digit of 53465?
3
What is the thousands digit of 26649?
6
What is the thousands digit of 11740?
1
What is the hundreds digit of 15462?
4
What is the thousands digit of 1022?
1
What is the units digit of 6463?
3
What is the tens digit of 368?
6
What is the units digit of 560?
0
What is the thousands digit of 26461?
6
What is the hundreds digit of 14996?
9
What is the tens digit of 32166?
6
What is the tens digit of 299?
9
What is the thousands digit of 1889?
1
What is the units digit of 7195?
5
What is the tens digit of 584?
8
What is the tens digit of 798?
9
What is the units digit of 3009?
9
What is the units digit of 1831?
1
What is the units digit of 71?
1
What is the tens digit of 164?
6
What is the units digit of 1696?
6
What is the tens digit of 5016?
1
What is the thousands digit of 1012?
1
What is the thousands digit of 1283?
1
What is the thousands digit of 6803?
6
What is the tens digit of 887?
8
What is the ten thousands digit of 76783?
7
What is the thousands digit of 2360?
2
What is the tens digit of 1620?
2
What is the units digit of 4284?
4
What is the units digit of 7061?
1
What is the thousands digit of 3866?
3
What is the units digit of 751?
1
What is the hundreds digit of 33370?
3
What is the tens digit of 6879?
7
What is the hundreds digit of 25581?
5
What is the hundreds digit of 3178?
1
What is the tens digit of 2854?
5
What is the hundreds digit of 6185?
1
What is the units digit of 3978?
8
What is the thousands digit of 7621?
7
What is the ten thousands digit of 24726?
2
What is the ten thousands digit of 56925?
5
What is the thousands digit of 56925?
6
What is the tens digit of 8248?
4
What is the tens digit of 1569?
6
What is the thousands digit of 3191?
3
What is the hundreds digit of 22675?
6
What is the hundreds digit of 709?
7
What is the hundred thousands digit of 101270?
1
What is the tens digit of 2094?
9
What is the tens digit of 498?
9
What is the hundreds digit of 29065?
0
What is the thousands digit of 8651?
8
What is the units digit of 81009?
9
What is the tens digit of 5808?
0
What is the ten thousands digit of 40915?
4
What is the units digit of 1680?
0
What is the thousands digit of 12092?
2
What is the units digit of 91520?
0
What is the tens digit of 10903?
0
What is the units digit of 74880?
0
What is the tens digit of 1933?
3
What is the tens digit of 55071?
7
What is the tens digit of 3935?
3
What is the units digit of 1973?
3
What is the units digit of 156?
6
What is the thousands digit of 4958?
4
What is the hundreds digit of 62619?
6
What is the units digit of 5864?
4
What is the tens digit of 12930?
3
What is the tens digit of 57048?
4
What is the units digit of 1412?
2
What is the hundreds digit of 1607?
6
What is the tens digit of 11142?
4
What is the tens digit of 41979?
7
What is the hundreds digit of 158981?
9
What is the units digit of 1639?
9
What is the units digit of 28795?
5
What is the hundreds digit of 439?
4
What is the thousands digit of 7769?
7
What is the hundreds digit of 101916?
9
What is the hundreds digit of 3082?
0
What is the hundreds digit of 113416?
4
What is the units digit of 8914?
4
What is the units digit of 770?
0
What is the tens digit of 4441?
4
What is the hundreds digit of 9594?
5
What is the thousands digit of 27129?
7
What is the thousands digit of 21869?
1
What is the tens digit of 1477?
7
What is the hundreds digit of 622?
6
What is the hundreds digit of 28174?
1
What is the units digit of 3775?
5
What is the units digit of 33593?
3
What is the units digit of 165?
5
What is the hundreds digit of 111?
1
What is the tens digit of 33712?
1
What is the units digit of 7861?
1
What is the ten thousands digit of 100585?
0
What is the units digit of 1893?
3
What is the thousands digit of 85708?
5
What is the ten thousands digit of 48310?
4
What is the thousand